{"id":90,"date":"2019-11-02T22:01:06","date_gmt":"2019-11-02T22:01:06","guid":{"rendered":"http:\/\/csu-hoechstadt.de\/?page_id=90"},"modified":"2019-11-03T14:28:53","modified_gmt":"2019-11-03T14:28:53","slug":"datenschutz","status":"publish","type":"page","link":"http:\/\/csu-hoechstadt.de\/?page_id=90","title":{"rendered":"Datenschutz"},"content":{"rendered":"\t\t<div data-elementor-type=\"wp-page\" data-elementor-id=\"90\" class=\"elementor elementor-90\">\n\t\t\t\t\t\t<section class=\"elementor-section elementor-top-section elementor-element elementor-element-f6ebc64 elementor-section-boxed elementor-section-height-default elementor-section-height-default\" data-id=\"f6ebc64\" data-element_type=\"section\">\n\t\t\t\t\t\t<div class=\"elementor-container elementor-column-gap-default\">\n\t\t\t\t\t<div class=\"elementor-column elementor-col-100 elementor-top-column elementor-element elementor-element-3d98ba93\" data-id=\"3d98ba93\" data-element_type=\"column\">\n\t\t\t<div class=\"elementor-widget-wrap elementor-element-populated\">\n\t\t\t\t\t\t<div class=\"elementor-element elementor-element-695e354a elementor-widget elementor-widget-text-editor\" data-id=\"695e354a\" data-element_type=\"widget\" data-widget_type=\"text-editor.default\">\n\t\t\t\t<div class=\"elementor-widget-container\">\n\t\t\t\t\t\t\t\t\t\t\t\t\t\t\t\t\t<\/div>\n\t\t\t\t<\/div>\n\t\t\t\t<div class=\"elementor-element elementor-element-6633b6d elementor-widget elementor-widget-text-editor\" data-id=\"6633b6d\" data-element_type=\"widget\" data-widget_type=\"text-editor.default\">\n\t\t\t\t<div class=\"elementor-widget-container\">\n\t\t\t\t\t\t\t\t\t<div class=\"mod-text-image\">\n<div class=\"m-text\">\n<h2>Datenschutzerkl\u00e4rung (Stand: 25. Mai 2018)<\/h2>\n<p>Die Betreiber dieser Seiten nehmen den Schutz Ihrer personenbezogenen Daten ernst. Ihre personenbezogenen Daten werden vertraulich und entsprechend der gesetzlichen Datenschutzvorschriften sowie dieser Datenschutzerkl\u00e4rung behandelt. Zu den personenbezogenen Daten geh\u00f6ren zum Beispiel Name, IP-Adresse, Postanschrift oder E-Mail-Adresse.<\/p>\n<p>Im Folgenden m\u00f6chten wir Sie \u2013 auch im Sinne der Art. 13, 14 der Datenschutzgrundverordnung (DSGVO) &#8211; dar\u00fcber informieren, in welcher Weise auf dieser Seite personenbezogene Daten von Ihnen erfragt und diese elektronisch gespeichert werden.<\/p>\n<p><u>1. Datensicherheit <\/u><\/p>\n<p>Diese Seite nutzt aus Gr\u00fcnden der Sicherheit und zum Schutz der \u00dcbertragung vertraulicher Inhalte, wie zum Beispiel der Anfragen, die Sie an uns als Seitenbetreiber senden, eine SSL-Verschl\u00fcsselung. Eine verschl\u00fcsselte Verbindung erkennen Sie daran, dass die Adresszeile des Browsers von &#8222;http:\/\/&#8220; auf &#8222;https:\/\/&#8220; wechselt und an dem Schloss-Symbol in Ihrer Browserzeile.<\/p>\n<p>Wenn die SSL Verschl\u00fcsselung aktiviert ist, k\u00f6nnen die Daten, die Sie an uns \u00fcbermitteln, nicht von Dritten mitgelesen werden.<\/p>\n<p>Wir weisen aber vorsichtshalber darauf hin, dass die Daten\u00fcbertragung im Internet Sicherheitsl\u00fccken aufweisen kann. Ein l\u00fcckenloser Schutz der Daten vor dem Zugriff durch Dritte ist praktisch nicht m\u00f6glich.<\/p>\n<p><u>2. Erhebung und Verarbeitung von Server-Logfile-Daten <\/u><\/p>\n<p>Der Websitebetreiber bzw. Seitenprovider erhebt Daten \u00fcber Zugriffe auf die Seite und speichert diese als \u201eServer-Logfiles\u201c ab. Folgende Daten, die einzeln oder in Kombination auch Personenbezug aufweisen k\u00f6nnen, k\u00f6nnen so protokolliert werden: besuchte Website; Uhrzeit zum Zeitpunkt des Zugriffes; Menge der gesendeten Daten in Byte; Quelle\/Verweis, von welchem Sie auf die Seite gelangten; verwendeter Browser; verwendetes Betriebssystem; verwendete IP-Adresse.<\/p>\n<p>Die erhobenen Daten dienen lediglich statistischen Auswertungen und zur Verbesserung der Website. Der Websitebetreiber beh\u00e4lt sich allerdings vor, die Server-Logfiles nachtr\u00e4glich zu \u00fcberpr\u00fcfen, sollten konkrete Anhaltspunkte auf eine rechtswidrige Nutzung hinweisen. Falls in den Webseiten Inhalte Dritter, bspw. von YouTube, Google Maps, etc. eingebunden werden, wird ggfs. Ihre IP-Adresse an den Drittanbieter \u00fcbertragen.<\/p>\n<p><u>3. Erhebung und Verarbeitung weiterer personenbezogener Daten <\/u><\/p>\n<p>Weitere personenbezogene Daten werden von uns nur erhoben,<\/p>\n<p>&#8211; wenn Sie uns diese freiwillig mitteilen;<br \/>&#8211; aufgrund gesetzlicher Verpflichtung;<br \/>&#8211; soweit dies in dieser Datenschutzerkl\u00e4rung gesondert aufgef\u00fchrt wird.<\/p>\n<p>Rechtsgrundlage f\u00fcr die Datenverarbeitung ist Art. 6 Abs. 1 DSGVO, insbesondere lit. a), c) und f). Der Betreiber darf au\u00dferdem nach \u00a7 15 Abs. 3 Telemediengesetz f\u00fcr Zwecke der Werbung, der Marktforschung oder zur bedarfsgerechten Gestaltung der Seite Nutzungsprofile bei Verwendung von Pseudonymen erstellen, sofern der Nutzer dem nicht widerspricht. Diese Nutzungsprofile d\u00fcrfen nicht mit Daten \u00fcber den Tr\u00e4ger des Pseudonyms zusammengef\u00fchrt werden.<\/p>\n<p>Angaben, die Sie bei Eintragung in unser Kontaktformular machen, werden zur weiteren Bearbeitung und f\u00fcr den Fall von Anschlussfragen gespeichert.<\/p>\n<p>Ihre Angaben werden f\u00fcr bis zu f\u00fcnf Jahre gespeichert. Der Websitebetreiber bietet Ihnen au\u00dferdem einen Newsletter an, in welchem er Sie \u00fcber aktuelle Geschehnisse und Angebote informiert. M\u00f6chten Sie den Newsletter abonnieren, m\u00fcssen Sie eine g\u00fcltige E-Mail-Adresse angeben. Um Sie pers\u00f6nlich ansprechen zu k\u00f6nnen, wird auch um Ihren Namen und Ihre Anschrift gebeten. Diese Angaben sind freiwillig. Ihre Einwilligung zur Speicherung Ihrer Daten sowie zum Bezug des Newsletters k\u00f6nnen Sie jederzeit widerrufen. Der Widerruf kann \u00fcber einen Link in den Newslettern selbst oder per Email an eine der unter 11. genannten Kontaktm\u00f6glichkeiten erfolgen.<\/p>\n<p><u>4. Cookies <\/u><\/p>\n<p>Auf unseren Webseiten verwenden wir an mehreren Stellen sog. \u201eCookies\u201c. Cookies sind kleine Textdateien, die auf Ihrem Rechner abgelegt werden und die Ihr Browser auf Ihrem Computer speichert. Sie dienen dazu, unser Angebot nutzerfreundlicher, effektiver und sicherer zu machen.<\/p>\n<p>Die von uns verwendeten Cookies sind so genannte \u201eDomain-Cookies\u201c. Diese Cookies werden, wenn sie bei der Registrierung die Einstellung gew\u00e4hlt haben \u201eAngemeldet bleiben\u201c auf Ihrem Rechner gespeichert. Dieses Vorgehen erleichtert Ihnen die Nutzung unserer Webanwendung, da Sie sich nicht bei jedem erneuten Besuch neu anmelden m\u00fcssen. Diese Cookies richten auf Ihrem Rechner keinen Schaden an und enthalten keine Viren.<\/p>\n<p>Wenn Sie keine Cookies annehmen wollen, k\u00f6nnen Sie dies durch eine entsprechende Einstellung Ihres Internet-Browsers verhindern. Dadurch kann die Nutzung der Webseiten allerdings eingeschr\u00e4nkt sein.<\/p>\n<p>Insbesondere wird Google Analytics eingesetzt, ein Webanalysedienst der Google Inc. (\u201eGoogle\u201c). Die Benutzung erfolgt auf der Grundlage des Art. 6 Abs. 1 S. 1 lit. f. DSGVO. Google Analytics verwendet sog. \u201eCookies\u201c, Textdateien, die auf Ihrem Computer gespeichert werden und die eine Analyse der Benutzung der Webseite durch Sie erm\u00f6glichen. Die durch den Cookie erzeugten Informationen \u00fcber Ihre Benutzung der Webseite wie<\/p>\n<p>\u2022 Browser-Typ\/-Version,<br \/>\u2022 verwendetes Betriebssystem,<br \/>\u2022 Referrer-URL (die zuvor besuchte Seite),<br \/>\u2022 Hostname des zugreifenden Rechners (IP-Adresse),<br \/>\u2022 Uhrzeit der Serveranfrage,<\/p>\n<p>werden in der Regel an einen Server von Google in den USA \u00fcbertragen und dort gespeichert. Die im Rahmen von Google Analytics von Ihrem Browser \u00fcbermittelte IP-Adresse wird nicht mit anderen Daten von Google zusammengef\u00fchrt. Wir haben zudem auf dieser Webseite Google Analytics um den Code \u201eanonymizeIP\u201c erweitert. Dies garantiert die Maskierung Ihrer IP-Adresse, sodass alle Daten anonym erhoben werden. Nur in Ausnahmef\u00e4llen wird die volle IP-Adresse an einen Server von Google in den USA \u00fcbertragen und dort gek\u00fcrzt.<\/p>\n<p>Im Auftrag des Betreibers dieser Website wird Google diese Information benutzen, um Ihre Nutzung der Webseite auszuwerten, um Reports \u00fcber die Webseiten-Aktivit\u00e4ten zusammenzustellen und um weitere mit der Webseiten-Nutzung und der Internetnutzung verbundene Dienstleistungen gegen\u00fcber dem Webseitenbetreiber zu erbringen. Sie k\u00f6nnen die Speicherung der Cookies durch eine entsprechende Einstellung Ihrer Browser-Software verhindern; wir weisen Sie jedoch darauf hin, dass Sie in diesem Fall m\u00f6glicherweise nicht s\u00e4mtliche Funktionen dieser Webseite vollumf\u00e4nglich werden nutzen k\u00f6nnen.<\/p>\n<p>Sie k\u00f6nnen dar\u00fcber hinaus die Erfassung der durch das Cookie erzeugten und auf Ihre Nutzung der Webseite bezogenen Daten (inkl. Ihrer IP-Adresse) an Google sowie die Verarbeitung dieser Daten durch Google verhindern, indem sie das unter dem folgenden Link verf\u00fcgbare Browser-Plugin herunterladen und installieren: <a href=\"http:\/\/tools.google.com\/dlpage\/gaoptout?hl=de\" target=\"_blank\" rel=\"noopener\">http:\/\/tools.google.com\/dlpage\/gaoptout?hl=de<\/a>. Alternativ zum Browser-Add-On, insbesondere bei Browsern auf mobilen Endger\u00e4ten, k\u00f6nnen Sie die Erfassung durch Google Analytics zudem verhindern, indem Sie auf diesen Link klicken. Es wird ein Opt-Out-Cookie gesetzt, das die zuk\u00fcnftige Erfassung Ihrer Daten beim Besuch dieser Website verhindert. Der Opt-Out-Cookie gilt nur in diesem Browser und nur f\u00fcr unsere Website und wird auf Ihrem Ger\u00e4t abgelegt. L\u00f6schen Sie die Cookies in diesem Browser, m\u00fcssen Sie das Opt-Out-Cookie erneut setzen.<\/p>\n<p>Wir nutzen Google Analytics weiterhin dazu, Daten aus Double-Click-Cookies und auch AdWords zu statistischen Zwecken auszuwerten. Sollten Sie dies nicht w\u00fcnschen, k\u00f6nnen Sie dies \u00fcber den Anzeigenvorgaben-Manager (<a href=\"https:\/\/www.google.com\/settings\/ads\/onweb\/?hl=de\" target=\"_blank\" rel=\"noopener\">http:\/\/www.google.com\/settings\/ads\/onweb\/?hl=de<\/a>) deaktivieren.<\/p>\n<p>Weitere Informationen zum Datenschutz im Zusammenhang mit Google Analytics finden Sie etwa in der Google Analytics-Hilfe (<a href=\"https:\/\/support.google.com\/analytics\/answer\/6004245?hl=de\" target=\"_blank\" rel=\"noopener\">https:\/\/support.google.com\/analytics\/answer\/6004245?hl=de<\/a>).<\/p>\n<p><u>5. Social Plugins <\/u><\/p>\n<p><em><u>a) Verwendung von Facebook Social-Plugins <\/u><\/em><\/p>\n<p>Auf unseren Webseiten verwenden wir einen Plugin zum sozialen Netzwerk Facebook. Facebook ist ein Unternehmen der Facebook Inc., 1601 S. California Ave, Palo Alto, CA 94304, USA. Detaillierte Hinweise zu den Funktionen der einzelnen Plugins und deren Erscheinungsbild finden Sie auf der folgenden Webseite: <a href=\"http:\/\/developers.facebook.com\/docs\/plugins\" target=\"_blank\" rel=\"noopener\">http:\/\/developers.facebook.com\/docs\/plugins<\/a>\/.<\/p>\n<p>Der Plugin zu Facebook verbirgt sich hinter dem zun\u00e4chst ausgegrauten Button mit dem &#8222;f &#8211; Empfehlen&#8220;-Zeichen. Durch Klick auf diesen Button k\u00f6nnen Sie eine Verbindung zu Facebook aufbauen. Wir m\u00f6chten Sie darauf hinweisen, dass mit dem Klick auf diesen Button, Facebook ggfs. Informationen und pers\u00f6nliche Daten (Ihre IP-Adresse) in Erfahrung bringt und speichert. N\u00e4heres entnehmen Sie bitte den Datenschutzhinweisen von Facebook (s.u.).<\/p>\n<p>Anders als bei Verwendung der klassischen Facebook-Plugins wird nicht bereits bei Aufruf unserer Webseite eine Verbindung zu Facebook aufgebaut, sondern erst wenn Sie mit einem Klick auf den Button das Plugin aktivieren. Der Button wird farbig. Dann baut Ihr Browser eine direkte Verbindung mit den Servern von Facebook auf. Der Inhalt des Plugins wird von Facebook direkt an Ihren Browser \u00fcbermittelt und von diesem in die Webseite eingebunden. Der Anbieter hat daher keinen Einfluss auf den Umfang der Daten, die Facebook mit Hilfe dieses Plugins erhebt und informiert die Nutzer daher entsprechend seinem Kenntnisstand:<\/p>\n<p>Durch die Einbindung der Plugins erh\u00e4lt Facebook die Information, dass ein Nutzer die entsprechende Seite des Angebots aufgerufen hat. Ist der Nutzer bei Facebook eingeloggt, kann Facebook den Besuch seinem Facebook-Konto zuordnen. Wenn Nutzer mit den Plugins interagieren, zum Beispiel den Like Button bet\u00e4tigen oder einen Kommentar abgeben, wird die entsprechende Information von Ihrem Browser direkt an Facebook \u00fcbermittelt und dort gespeichert. Falls ein Nutzer kein Mitglied von Facebook ist, besteht trotzdem die M\u00f6glichkeit, dass Facebook seine IP-Adresse in Erfahrung bringt und speichert. Laut Facebook wird in Deutschland nur eine anonymisierte IP-Adresse gespeichert.<\/p>\n<p>Zweck und Umfang der Datenerhebung und die weitere Verarbeitung und Nutzung der Daten durch Facebook sowie die diesbez\u00fcglichen Rechte und Einstellungsm\u00f6glichkeiten zum Schutz der Privatsph\u00e4re der Nutzer, k\u00f6nnen diese den Datenschutzhinweisen von Facebook entnehmen: <a href=\"https:\/\/www.facebook.com\/about\/privacy\/\" target=\"_blank\" rel=\"noopener\">https:\/\/www.facebook.com\/about\/privacy\/<\/a>.<\/p>\n<p>Wenn ein Nutzer Facebookmitglied ist und nicht m\u00f6chte, dass Facebook \u00fcber dieses Angebot Daten \u00fcber ihn sammelt und mit seinen bei Facebook gespeicherten Mitgliedsdaten verkn\u00fcpft, muss er sich vor dem Besuch des Internetauftritts bei Facebook ausloggen.<\/p>\n<p>Ebenfalls ist es m\u00f6glich Facebook-Social-Plugins mit Add-ons f\u00fcr Ihren Browser zu blocken, zum Beispiel mit dem &#8222;Facebook Blocker&#8220;.<\/p>\n<p><u><em>b) Verwendung von Twitter Social-Plugins <\/em><\/u><\/p>\n<p>Eingebunden ist auch eine Share-Funktionalit\u00e4t des Internetdienstes Twitter Inc., 795 Folsom St., Suite 600, San Francisco, CA 94107, USA. Die Twitter-Plugins erkennen Sie an dem Twitter-Logo. Eine \u00dcbersicht \u00fcber die Funktion der Twitter-Plugins finden Sie hier: <a href=\"http:\/\/dev.twitter.com\" target=\"_blank\" rel=\"noopener\">http:\/\/dev.twitter.com<\/a>.<\/p>\n<p>Die Share-Funktionalit\u00e4t verbirgt sich hinter dem ausgegrauten Vogelsymbol Tweet. Wenn Sie mit Klick auf den Button die Funktionalit\u00e4t aktivieren, baut Ihr Browser eine direkte Verbindung mit den Servern von Twitter auf. Der Anbieter hat daher keinen Einfluss auf den Umfang der Daten, die Twitter mit Hilfe dieses Plugins erhebt und informiert die Nutzer entsprechend seinem Kenntnisstand. Nach diesem wird lediglich die IP-Adresse des Nutzers die URL der jeweiligen Webseite beim Bezug des Buttons mit \u00fcbermittelt, aber nicht f\u00fcr andere Zwecke, als die Darstellung des Buttons, genutzt. Weitere Informationen hierzu finden sich in der Datenschutzerkl\u00e4rung von Twitter unter twitter.com\/privacy. 6. Google Maps Die CSU-Webseiten und die CSU-Apps benutzen Google Maps. Google h\u00e4lt daf\u00fcr eine Datenschutzerkl\u00e4rung bereit. Einzelheiten erfahren Sie unter <a href=\"https:\/\/www.google.com\/intl\/de\/policies\/privacy\" target=\"_blank\" rel=\"noopener\">https:\/\/www.google.com\/intl\/de\/policies\/privacy<\/a>\/.<\/p>\n<p><u>7. Weitergabe personenbezogener Daten an Dritte <\/u><\/p>\n<p>Ihre personenbezogenen Daten werden an Dritte nur weitergegeben oder sonst \u00fcbermittelt,<\/p>\n<p>\u2022 wenn dies zum Zwecke der Bearbeitung Ihrer Eingaben erforderlich ist (z.B. bei Webdienstleistern);<br \/>\u2022 sofern dazu eine rechtliche Verpflichtung besteht (z.B. bei Beh\u00f6rden);<br \/>\u2022 oder Sie zuvor ausdr\u00fccklich eingewilligt haben.<\/p>\n<p>Der Umfang der \u00fcbermittelten Daten beschr\u00e4nkt sich grunds\u00e4tzlich auf das erforderliche Minimum.<\/p>\n<p><strong><u>8. Widerruf von Einwilligungen, Widerspruch <\/u><\/strong><\/p>\n<p><strong>Wir weisen Sie darauf hin, dass Sie Ihre Einwilligungen jederzeit ohne Angaben von Gr\u00fcnden mit Wirkung f\u00fcr die Zukunft widerrufen k\u00f6nnen. <\/strong><\/p>\n<p><u>9. Auskunftsrecht und L\u00f6schung <\/u><\/p>\n<p>Sie haben das Recht, von dem Verantwortlichen eine Best\u00e4tigung dar\u00fcber zu verlangen, ob Sie betreffende personenbezogene Daten verarbeitet werden. Ist dies der Fall, so haben Sie ein Recht auf Auskunft \u00fcber diese personenbezogenen Daten und auf die in Art. 15 DSGVO im Einzelnen aufgef\u00fchrten Informationen.<\/p>\n<p>Sie haben das Recht, von dem Verantwortlichen unverz\u00fcglich die Berichtigung Sie betreffender unrichtiger personenbezogener Daten und ggf. die Vervollst\u00e4ndigung unvollst\u00e4ndiger personenbezogener Daten zu verlangen (Art. 16 DSGVO).<\/p>\n<p>Sie haben das Recht, von dem Verantwortlichen zu verlangen, dass sie betreffende personenbezogene Daten unverz\u00fcglich gel\u00f6scht werden, sofern einer der in Art. 17 DSGVO im einzelnen aufgef\u00fchrten Gr\u00fcnde zutrifft, z. B. wenn die Daten f\u00fcr die verfolgten Zwecke nicht mehr ben\u00f6tigt werden (Recht auf L\u00f6schung). Der Verantwortliche verarbeitet die personenbezogenen Daten dann nicht mehr, es sei denn, er kann zwingende schutzw\u00fcrdige Gr\u00fcnde f\u00fcr die Verarbeitung nachweisen, die die Interessen, Rechte und Freiheiten der betroffenen Person \u00fcberwiegen, oder die Verarbeitung dient der Geltendmachung, Aus\u00fcbung oder Verteidigung von Rechtsanspr\u00fcchen (Art. 21 DSGVO).<\/p>\n<p>Sie haben das Recht, von dem Verantwortlichen die Einschr\u00e4nkung der Verarbeitung zu verlangen, wenn eine der in Art. 18 DSGVO aufgef\u00fchrten Voraussetzungen gegeben ist, z. B. wenn Sie Widerspruch gegen die Verarbeitung eingelegt hat, f\u00fcr die Dauer der Pr\u00fcfung durch den Verantwortlichen.<\/p>\n<p><u>10. \u00c4nderungen dieser Datenschutzbestimmungen <\/u><\/p>\n<p>bleiben vorbehalten, etwa bei \u00c4nderungen der Gesetzeslage oder technischen Ver\u00e4nderungen der Website.<\/p>\n<p><u>11. Kontakt <\/u><\/p>\n<p>In Belangen des Datenschutzes wenden Sie sich bitte an den Betreiber der Seite (siehe Impressum).<\/p>\n<p>Ihre Rechte k\u00f6nnen Sie auch gegen\u00fcber dem Datenschutzbeauftragten der Christlich-Sozialen Union in Bayern e.V., derzeit Herrn Florian Bauer, Mies-van-der-Rohe-Stra\u00dfe 1, 80807 M\u00fcnchen, Tel. 089\/1243-0, Fax 089\/1243-4297, <a href=\"mailto:datenschutzbeauftragter@csu-bayern.de\">datenschutzbeauftragter@csu-bayern.de<\/a> geltend machen.<\/p>\n<p>Sie haben &#8211; unbeschadet eines anderweitigen verwaltungsrechtlichen oder gerichtlichen Rechtsbehelfs &#8211; das Recht auf Beschwerde bei einer Aufsichtsbeh\u00f6rde, wenn Sie der Ansicht sind, dass die Verarbeitung der sie betreffenden personenbezogenen Daten gegen die DSGVO verst\u00f6\u00dft (Art. 77 DSGVO). Sie k\u00f6nnen dieses Recht bei einer Aufsichtsbeh\u00f6rde in dem Mitgliedstaat ihres Aufenthaltsorts, ihres Arbeitsplatzes oder des Orts des mutma\u00dflichen Versto\u00dfes geltend machen. In Bayern ist die zust\u00e4ndige Aufsichtsbeh\u00f6rde: Landesamt f\u00fcr Datenschutzaufsicht, Promenade 27 (Schloss), 91522 Ansbach, Telefon: +49 (0) 981 53 1300, Telefax: +49 (0) 981 53 98 1300, E-Mail: <a href=\"mailto:poststelle@lda.bayern.de\">poststelle@lda.bayern.de<\/a>.<\/p>\n<\/div>\n<\/div>\t\t\t\t\t\t\t\t<\/div>\n\t\t\t\t<\/div>\n\t\t\t\t\t<\/div>\n\t\t<\/div>\n\t\t\t\t\t<\/div>\n\t\t<\/section>\n\t\t\t\t<\/div>\n\t\t","protected":false},"excerpt":{"rendered":"<p>Datenschutzerkl\u00e4rung (Stand: 25. Mai 2018) Die Betreiber dieser Seiten nehmen den Schutz Ihrer personenbezogenen Daten ernst. Ihre personenbezogenen Daten werden vertraulich und entsprechend der gesetzlichen Datenschutzvorschriften sowie dieser Datenschutzerkl\u00e4rung behandelt. [&hellip;]<\/p>\n","protected":false},"author":1,"featured_media":0,"parent":0,"menu_order":0,"comment_status":"closed","ping_status":"closed","template":"","meta":{"ocean_post_layout":"full-width","ocean_both_sidebars_style":"","ocean_both_sidebars_content_width":0,"ocean_both_sidebars_sidebars_width":0,"ocean_sidebar":"0","ocean_second_sidebar":"0","ocean_disable_margins":"enable","ocean_add_body_class":"","ocean_shortcode_before_top_bar":"","ocean_shortcode_after_top_bar":"","ocean_shortcode_before_header":"","ocean_shortcode_after_header":"","ocean_has_shortcode":"","ocean_shortcode_after_title":"","ocean_shortcode_before_footer_widgets":"","ocean_shortcode_after_footer_widgets":"","ocean_shortcode_before_footer_bottom":"","ocean_shortcode_after_footer_bottom":"","ocean_display_top_bar":"default","ocean_display_header":"default","ocean_header_style":"","ocean_center_header_left_menu":"0","ocean_custom_header_template":"0","ocean_custom_logo":0,"ocean_custom_retina_logo":0,"ocean_custom_logo_max_width":0,"ocean_custom_logo_tablet_max_width":0,"ocean_custom_logo_mobile_max_width":0,"ocean_custom_logo_max_height":0,"ocean_custom_logo_tablet_max_height":0,"ocean_custom_logo_mobile_max_height":0,"ocean_header_custom_menu":"0","ocean_menu_typo_font_family":"0","ocean_menu_typo_font_subset":"","ocean_menu_typo_font_size":0,"ocean_menu_typo_font_size_tablet":0,"ocean_menu_typo_font_size_mobile":0,"ocean_menu_typo_font_size_unit":"px","ocean_menu_typo_font_weight":"","ocean_menu_typo_font_weight_tablet":"","ocean_menu_typo_font_weight_mobile":"","ocean_menu_typo_transform":"","ocean_menu_typo_transform_tablet":"","ocean_menu_typo_transform_mobile":"","ocean_menu_typo_line_height":0,"ocean_menu_typo_line_height_tablet":0,"ocean_menu_typo_line_height_mobile":0,"ocean_menu_typo_line_height_unit":"","ocean_menu_typo_spacing":0,"ocean_menu_typo_spacing_tablet":0,"ocean_menu_typo_spacing_mobile":0,"ocean_menu_typo_spacing_unit":"","ocean_menu_link_color":"","ocean_menu_link_color_hover":"","ocean_menu_link_color_active":"","ocean_menu_link_background":"","ocean_menu_link_hover_background":"","ocean_menu_link_active_background":"","ocean_menu_social_links_bg":"","ocean_menu_social_hover_links_bg":"","ocean_menu_social_links_color":"","ocean_menu_social_hover_links_color":"","ocean_disable_title":"on","ocean_disable_heading":"default","ocean_post_title":"","ocean_post_subheading":"","ocean_post_title_style":"","ocean_post_title_background_color":"","ocean_post_title_background":0,"ocean_post_title_bg_image_position":"","ocean_post_title_bg_image_attachment":"","ocean_post_title_bg_image_repeat":"","ocean_post_title_bg_image_size":"","ocean_post_title_height":0,"ocean_post_title_bg_overlay":0.5,"ocean_post_title_bg_overlay_color":"","ocean_disable_breadcrumbs":"default","ocean_breadcrumbs_color":"","ocean_breadcrumbs_separator_color":"","ocean_breadcrumbs_links_color":"","ocean_breadcrumbs_links_hover_color":"","ocean_display_footer_widgets":"default","ocean_display_footer_bottom":"default","ocean_custom_footer_template":"0","footnotes":""},"class_list":["post-90","page","type-page","status-publish","hentry","entry"],"_links":{"self":[{"href":"http:\/\/csu-hoechstadt.de\/index.php?rest_route=\/wp\/v2\/pages\/90","targetHints":{"allow":["GET"]}}],"collection":[{"href":"http:\/\/csu-hoechstadt.de\/index.php?rest_route=\/wp\/v2\/pages"}],"about":[{"href":"http:\/\/csu-hoechstadt.de\/index.php?rest_route=\/wp\/v2\/types\/page"}],"author":[{"embeddable":true,"href":"http:\/\/csu-hoechstadt.de\/index.php?rest_route=\/wp\/v2\/users\/1"}],"replies":[{"embeddable":true,"href":"http:\/\/csu-hoechstadt.de\/index.php?rest_route=%2Fwp%2Fv2%2Fcomments&post=90"}],"version-history":[{"count":4,"href":"http:\/\/csu-hoechstadt.de\/index.php?rest_route=\/wp\/v2\/pages\/90\/revisions"}],"predecessor-version":[{"id":138,"href":"http:\/\/csu-hoechstadt.de\/index.php?rest_route=\/wp\/v2\/pages\/90\/revisions\/138"}],"wp:attachment":[{"href":"http:\/\/csu-hoechstadt.de\/index.php?rest_route=%2Fwp%2Fv2%2Fmedia&parent=90"}],"curies":[{"name":"wp","href":"https:\/\/api.w.org\/{rel}","templated":true}]}}